me factors of 26671459?
19, 139, 10099
List the prime factors of 163189322.
2, 29, 97021
What are the prime factors of 173971493?
29, 53, 113189
List the prime factors of 728128657.
97, 547, 13723
What are the prime factors of 4627554841?
7, 13, 163, 223, 1399
List the prime factors of 94507330.
2, 5, 19, 131, 3797
List the prime factors of 5003510.
2, 5, 37, 13523
What are the prime factors of 1395979337?
1395979337
List the prime factors of 4130691960.
2, 3, 5, 17, 19, 71, 79
List the prime factors of 1327429951.
31, 3041, 14081
List the prime factors of 144640519.
43, 3363733
List the prime factors of 169275308.
2, 23, 1839949
List the prime factors of 634198070.
2, 5, 11, 541, 10657
List the prime factors of 2701470233.
7, 11, 37, 599, 1583
List the prime factors of 282728531.
19, 59, 179, 1409
What are the prime factors of 16602895?
5, 23, 59, 2447
What are the prime factors of 304119453?
3, 11, 19, 59, 8221
What are the prime factors of 341069431?
341069431
What are the prime factors of 543983824?
2, 71, 389, 1231
List the prime factors of 831438573.
3, 7, 39592313
What are the prime factors of 6297609795?
3, 5, 17, 937, 26357
List the prime factors of 98182705.
5, 71, 233, 1187
What are the prime factors of 3413083608?
2, 3, 11, 17, 84499
What are the prime factors of 62379322?
2, 71, 271, 1621
List the prime factors of 10675024.
2, 109, 6121
List the prime factors of 130402925.
5, 1531, 3407
List the prime factors of 188164115.
5, 37632823
What are the prime factors of 76116296?
2, 9514537
List the prime factors of 2335085114.
2, 47, 24841331
What are the prime factors of 2106188066?
2, 127, 8292079
What are the prime factors of 10841407?
37, 79, 3709
What are the prime factors of 176032722?
2, 3, 17, 1725811
List the prime factors of 9968389.
43, 231823
List the prime factors of 127993694.
2, 5507, 11621
What are the prime factors of 3886903905?
3, 5, 259126927
What are the prime factors of 2255113302?
2, 3, 13, 79, 509, 719
List the prime factors of 2812305247.
29, 977, 99259
What are the prime factors of 428849515?
5, 85769903
What are the prime factors of 385539115?
5, 13, 5931371
What are the prime factors of 7084490?
2, 5, 7, 101207
List the prime factors of 496513154.
2, 677, 366701
What are the prime factors of 865054926?
2, 3, 48058607
List the prime factors of 92848746.
2, 3, 23, 672817
List the prime factors of 36790120.
2, 5, 41, 22433
What are the prime factors of 56115656?
2, 7014457
List the prime factors of 1378271392.
2, 43070981
What are the prime factors of 766277168?
2, 137, 349579
What are the prime factors of 702147510?
2, 3, 5, 193, 40423
What are the prime factors of 161416889?
161416889
List the prime factors of 476724551.
251, 1899301
List the prime factors of 18236802.
2, 3, 3039467
List the prime factors of 353734966.
2, 13, 3461, 3931
List the prime factors of 933707235.
3, 5, 17, 3661597
List the prime factors of 2198217352.
2, 274777169
List the prime factors of 465851019.
3, 155283673
List the prime factors of 20642496.
2, 3, 7, 15359
List the prime factors of 632000455.
5, 43, 271, 10847
List the prime factors of 43794203.
79, 83, 6679
What are the prime factors of 33695332?
2, 11, 29, 26407
What are the prime factors of 171333201?
3, 13, 61, 72019
List the prime factors of 426014410.
2, 5, 42601441
What are the prime factors of 586811261?
2143, 273827
List the prime factors of 154496836.
2, 13, 2971093
What are the prime factors of 76127673?
3, 43, 590137
What are the prime factors of 2337167201?
131, 173, 281, 367
List the prime factors of 38892555.
3, 5, 13, 83, 89
List the prime factors of 1252892.
2, 103, 3041
List the prime factors of 632317273.
7, 47, 1921937
List the prime factors of 620992106.
2, 7, 47, 943757
What are the prime factors of 183306012?
2, 3, 53, 491, 587
List the prime factors of 128434268.
2, 47, 59, 11579
What are the prime factors of 2232075921?
3, 744025307
List the prime factors of 3445246995.
3, 5, 2111, 108803
What are the prime factors of 1125175941?
3, 107, 197, 659
List the prime factors of 110716844.
2, 7, 373, 10601
List the prime factors of 3554945422.
2, 7, 37, 113, 60733
List the prime factors of 2736624542.
2, 6553, 208807
List the prime factors of 349038490.
2, 5, 29, 1203581
List the prime factors of 28861169.
199, 145031
List the prime factors of 37575413.
37575413
List the prime factors of 3884380739.
281, 317, 43607
What are the prime factors of 5038212?
2, 3, 47, 8933
What are the prime factors of 119447300?
2, 5, 7, 19, 1283
What are the prime factors of 51191647?
13, 3937819
What are the prime factors of 161054352?
2, 3, 73, 5107
What are the prime factors of 1186593101?
1186593101
List the prime factors of 215966685.
3, 5, 11, 421, 3109
What are the prime factors of 338351125?
5, 7, 37, 1493
What are the prime factors of 25291142?
2, 73, 311, 557
What are the prime factors of 72353670?
2, 3, 5, 139, 17351
List the prime factors of 6270060102.
2, 3, 1045010017
List the prime factors of 1884241878.
2, 3, 71, 97, 45599
List the prime factors of 123130377.
3, 919, 14887
List the prime factors of 74437606.
2, 29, 97, 101, 131
What are the prime factors of 507073760?
2, 5, 3169211
What are the prime factors of 56045748?
2, 3, 11, 29
List the prime factors of 6972519495.
3, 5, 2503, 185711
What are the prime factors of 34410258?
2, 3, 7867
List the prime factors of 55698630.
2, 3, 5, 13, 17, 31, 271
List the prime factors of 3699187547.
11, 127, 2647951
List the prime factors of 328699639.
19, 17299981
What are the prime factors of 95589457?
3719, 25703
What are the prime factors of 64674803?
19, 3403937
What are the prime factors of 2716021901?
2716021901
List the prime factors of 255342746.
2, 101, 109, 11597
List the prime factors of 263364265.
5, 47, 227, 4937
List the prime factors of 25490943.
3, 73, 479
List the prime factors of 892511301.
3, 11, 19, 1423463
What are the prime factors of 2656684724?
2, 17, 359, 108827
What are the prime factors of 727234224?
2, 3, 701, 21613
What are the prime factors of 188205434?
2, 277, 383, 887
List the prime factors of 2005876578.
2, 3, 334312763
What are the prime factors of 122842545?
3, 5, 7, 1169929
List the prime factors of 2248006118.
2, 17, 71, 931237
List the prime factors of 925245894.
2, 3, 154207649
List the prime factors of 10198345.
5, 19, 107351
List the prime factors of 905980341.
3, 7, 59, 731219
What are the prime factors of 37870271?
17, 59, 2221
List the prime factors of 165422493.
3, 19, 1327
List the prime factors of 741964566.
2, 3, 7, 67, 5381
List the prime factors of 42358022.
2, 7, 937, 3229
What are the prime factors of 357534346?
2, 13, 31, 443591
List the prime factors of 957901786.
2, 478950893
List the prime factors of 2568474057.
3, 856158019
What are the prime factors of 43833323?
19, 1291, 1787
What are the prime factors of 1431289553?
137, 317, 32957
What are the prime factors of 288378227?
288378227
What are the prime factors of 1299558537?
3, 144395393
What are the prime factors of 58506932?
2, 11, 1329703
What are the prime factors of 6078582815?
5, 17, 4057, 17627
What are the prime factors of 217322089?
217322089
What are the prime factors of 4565806628?
2, 19, 60076403
What are the prime factors of 103108356?
2, 3, 13, 23, 31, 103
List the prime factors of 2876667776.
2, 23, 131, 7459
List the prime factors of 804059193.
3, 7, 43, 173, 5147
List the prime factors of 7697550717.
3, 17, 16770263
What are the prime factors of 2637391809?
3, 13, 67625431
What are the prime factors of 81593168?
2, 421, 12113
List the prime factors of 1988640031.
7, 284091433
What are the prime factors of 12170532?
2, 3, 11, 137, 673
What are the prime factors of 13960229?
239, 58411
What are the prime factors of 41677858?
2, 20838929
What are the prime factors of 6972570137?
13, 29, 67, 276043
List the prime factors of 1086138959.
17, 23, 37, 193, 389
List the prime factors of 84568204.
2, 7, 61, 67, 739
List the prime factors of 3452881343.
19, 181730597
What are the prime factors of 1282155826?
2, 7, 1523, 60133
List the prime factors of 3014219105.
5, 509, 1184369
What are the prime factors of 41545510?
2, 5, 127, 32713
What are the prime factors of 40202811?
3, 11, 45121
What are the prime